-26
What is the value of (24 - 22) + 13 + 2 + -1 + -2?
14
(-1 + -9 - (-9 + (-7 - -11))) + 22
17
What is the value of (24 - 8) + (6 - 27) - 16?
-21
Calculate 5 + (13 - (-7 - -27) - (-1 + -26)).
25
Calculate 21 - ((19 - 12) + 7).
7
What is the value of (14 - (-13 + 0)) + 1 + 1 + -9?
20
Calculate -22 + 8 + 10 - (1 + -26).
21
22 - -1 - (-23 - -51)
-5
Calculate 6 - (8 + -4 + -2).
4
What is the value of (3 - 1) + (5 - 26) + 7?
-12
(12 - 21 - -19) + 11 + (-3 - -2)
20
What is -5 - (-3 - -2 - 5)?
1
(-8 - (7 - (1 + 1))) + -8
-21
What is -25 + (-2 - (-23 + 7))?
-11
What is the value of -15 + (-16 - -30) - ((2 - 1) + -10)?
8
Evaluate (-12 - -1 - (8 - (-5 - -29))) + 14.
19
What is the value of -4 + -18 + (-11 - (-10 - 7))?
-16
Calculate (-1 - 26) + -85 + 104.
-8
What is the value of (8 - ((9 - 5) + 11)) + (-1 - -18)?
10
49 + 28 + -44 + -30
3
Calculate 2 + 7 + -3 - (12 + -3 + -9).
6
What is the value of 17 + (11 - 19) + -22 + -2 + 2?
-13
Evaluate -1 - -8 - (-25 - (-32 - -4)).
4
Calculate (57 + -44 - 21) + -2 + 6 + 1.
-3
Evaluate -121 - -110 - (-4 - (-2 + 2)).
-7
What is the value of (1 + -3 - -11) + -4 + -15?
-10
What is the value of (-1 - -6) + -54 + 45?
-4
What is (14 - (1 - 8)) + -5?
16
Evaluate 3 + -5 + -4 - (26 + -64 + 5).
27
0 - 9 - (-45 - -39)
-3
What is the value of 3 + -7 + (-2 - -1 - -14)?
9
(-6 - (8 - 19)) + 8
13
Calculate -35 + 43 - (-2 - -3).
7
5 - (-25 + -10 + 15 - (-7 - -1))
19
What is -16 + 12 + (-2 - -1) + 723 + -738?
-20
Calculate 29 + -27 + 1 + 0 + -6.
-3
Calculate (-6 - -15 - 13) + (2 - (-3 - -3)).
-2
Evaluate -943 + 970 - (-2 + -9).
38
-2 + 5 + (0 - (-8 + 2))
9
49 - 45 - (0 + 4) - 0
0
What is the value of -3 + -4 + 5 - (0 + 7) - 1?
-10
What is the value of (-4 - -9) + (-9 - -4) + 5 + -25?
-20
What is 66 + -60 - (-3 + -6 + 2)?
13
What is 2 - (-4 + 2 - (-17 - -20))?
7
What is (14 - 30) + 12 - -1?
-3
Evaluate 13 + -6 + -6 + -10.
-9
Evaluate (-814 - -821) + -25 + -1 + -1.
-20
What is the value of 13 - ((-15 - -5 - -20) + -2)?
5
Evaluate 12 - (-2 + 4) - (24 + -2).
-12
(-33 - -4) + (64 - 29)
6
(3 - 44 - -31) + (9 - -1)
0
What is (-42 - -10) + 14 - -24?
6
What is the value of -2 + -3 + (6 - -1) + 93 + -114?
-19
Evaluate 22 + -6 + (-11 - -11).
16
Evaluate 23 - (-8 + (11 - -13)).
7
Calculate -21 - (0 - 4) - ((2 - 7) + -2).
-10
Evaluate 3 - (19 + -21 - (11 - 4)).
12
Calculate 1 + 5 + (3 + -23 + 2 - -2).
-10
What is the value of -6 - (-1 + (9 - 12) + -2)?
0
-45 + 59 + (-8 - -2)
8
Evaluate -13 - (-20 - (7 + 10 + -8)).
16
What is the value of 2 - (7 + 13 - 11)?
-7
Calculate (-14 + 13 - (2 + 2)) + 7 + -3.
-1
What is the value of (14 - 28) + 16 + -2?
0
What is (-19 + -24 - -18) + 10?
-15
-6 + 3 + 0 + -19
-22
What is (1 - (-1 - -1)) + 44 + -106 + 56?
-5
What is -10 + -17 - (7 - 9 - 7)?
-18
What is 0 + -13 + 13 - -6?
6
Calculate -5 + (45 + -40 - (-1 + -1)) + 7.
9
Calculate 4 + 2 - ((22 - 30) + -3).
17
-38 + 95 + (-11 - 20)
26
Calculate 1 + -1 - (-51 - -38) - (-1 - 4).
18
What is the value of 16 - (-9 + 14) - -3?
14
What is the value of 32 + -13 + 0 + (-6 - -16)?
29
What is -6 - (3 + -17 + (17 - 9))?
0
Calculate (0 - -15 - (-2 - -36)) + (-1 - -4).
-16
What is the value of -14 - -13 - -16 - (8 - 1)?
8
What is the value of 4 + (-45 - -18 - -1)?
-22
(-11 + 7 - -3) + -6
-7
What is the value of 13 - (-10 - (12 + -31)) - -7?
11
Calculate (-6 - 2) + 2 + (-4 - -3) + -5.
-12
Calculate (18 - (31 - (-17 - -7))) + 8.
-15
What is the value of 1 + -1 + 26 + -33 + 1 + 6?
0
7 + (-2 - 2) - (10 + -6) - 11
-12
What is the value of 0 - -10 - 6 - 0 - (2 + 7)?
-5
Evaluate (1 - (-2 - -7)) + (12 - 5).
3
Evaluate 7 - (6 + 0 + (-6 - 7) + 3).
11
Evaluate 40 - (11 + -13 + 8).
34
Evaluate -19 - ((-11 - -5) + (-1 - 5)).
-7
Evaluate (-2 - 4) + 8 + 4 - 4.
2
Evaluate -3 + -8 + 16 + -11.
-6
What is 7 + -8 + -15 + 30?
14
Calculate (5 - 8) + -5 - 2.
-10
Calculate (7 - 0) + (-3 - 8) + -1.
-5
What is the value of (-10 - (5 + -8)) + -6 + 22?
9
Evaluate (-2 - (5 + -6)) + (-8 - (0 + 1)).
-10
Calculate (17 - 6) + 11 + -27 - (0 - -4).
-9
What is 38 - (14 - -9 - 16)?
31
What is the value of 3 - (2 + 8) - -26 - -1?
20
Calculate 1 + 5 - (7 + 3 - 0).
-4
What is (3 - (-2 + -6)) + 327 + -310?
28
What is -9 + (-34 - 1 - -23)?
-21
What is (6 - -1) + 23 + -13 + -22?
-5
What is 13 - ((6 - (1 - -7)) + -2 - -11)?
6
-33 - (-31 - -69 - 69)
-2
What is (3 - -10 - -2) + 177 + -184?
8
Evaluate (1623 - 1614) + 29 + 2 + 0.
40
What is -6 - (-4 - -9) - (-11 + (-10 - 1))?
11
What is -1 + -18 - (-55 + 55)?
-19
Evaluate 6 - (2 - -4) - 8.
-8
Calculate 21 + 17 + -28 - 1.
9
12 + (0 - -4 - 9) - (30 - 11)
-12
What is the value of -6 + (5 - 14 - -3) + 10?
-2
Calculate 1 + 52 + -140 + 107.
20
What is the value of -3 + (-1 - (-4 - -9)) - (31 + -18)?
-22
(-28 - (10 - 23)) + (0 - -11)
-4
Evaluate -4 + 6 + (-7 - (-29 - 4)).
28
What is the value of -17 - (-11 + 0) - (-11 - -15)?
-10
What is the value of -26 + 27 + 4 + (-5 - (2 - -3))?
-5
What is the value of -28 - -19 - (-4 - -1)?
-6
Calculate (-1139 - -1130) + 14 + -3 + 2 + 2.
6
-7 + 16 + -2 + -45 + 15
-23
What is the value of 22 + -10 - (-3 + 2 + 2) - -4?
15
What is the value of 3 + 2 + 4 + (-14 - -3 - 4)?
-6
Calculate 1 + -10 + 9 + (-29 - -28).
-1
Evaluate -7 + (-2 - (13 + -34)) - -13.
25
What is the value of 4 - (13 - 4) - (7 + -2) - 2?
-12
Calculate 7 + (-5 + -2 - (21 - 21) - 6).
-6
2 - (14 + 17 + -14)
-15
Evaluate (6 - -16) + -18 + -20.
-16
Evaluate 49 + (-42 - -4 - (-49 + 30)).
30
What is the value of 34 + 7 - (3 - -47)?
-9
Calculate 38 - (-21 + 33 + 20).
6
What is the value of -8 - (-8 + 4 + 12 + -3 + 2)?
-15
Evaluate 2 + 1 + -7 - ((14 - 4) + -15).
1
What is the value of 26 + (5 - 28) + -24?
-21
What is the value of 4 - (3 - -6) - (11 + -12)?
-4
-7 + -1 - (-1 - (-4 - -2))
-9
-10 + 17 - (-4 + 2 + 3)
6
What is -3 - (-3 - 0 - -1 - 5)?
4
What is 19 - 0 - (-107 + 98)?
28
What is 5 + -8 + 2 + 8 + 0 + 2?
9
Evaluate 20 + -8 - ((2 - 1) + (0 - -1)).
10
Calculate 6 - (-3 + 2 + 1) - (-1 - -6).
1
Evaluate 14 + 1 - (-18 + 19 + -4).
18
What is (-1 - 14) + (13 - 20 - -9)?
-13
Evaluate -43 - (-44 - 3 - -15).
-11
15 + (0 - 4) - -13 - (0 - 4)
28
8 + (-1 + (-8 - 3) - 3)
-7
What is the value of 28 + 1 + 10 + 44 + -64?
19
Evaluate 519 - 511 - (21 - -1).
-14
What is -32 - -49 - (-5 - -14)?
8
Evaluate -2 + -9 + 1 - (17 - (16 + 28)).
17
24 - (11 + -1 + -22 + 25)
11
Evaluate 3 + (-14 - (9 + -7)).
-13
What is the value of -2 - -7 - -2 - (-6 + 19 - -5)?
-11
31 + -23 + -16 + 2 + -12
-18
-2 + (5 - 4) + (20 - 16)
3
Calculate (-3 - -12) + -63 + 66.
12
Evaluate (-9 - 23) + 34 + -1.
1
10 - ((0 + -14 - -8) + -6)
22
What is the value of -6 - ((-10 + 1 - (-24 + 6)) + -1)?
-14
What is (2 - (0 - -9)) + 9?
2
What is the value of 3 - (0 + (6 - 11))?
8
Calculate 15 + (-46 - -21) - -12.
2
What is -5 + 2 - (127 + -140 - (2 - 20))?
-8
Calculate 6 - (13 + (-2 + -8 - -4)).
-1
What is the value of (2 - -6) + 10 - (-2 + 2)?
18
Calculate -2 - ((-1 - -4) + (10 - 12 - -8)).
-11
Calculate (4 - 68) + 37 - -50.
23
Evaluate -9 - (-11 + (-16 - -14) + (4 - 0)).
0
Calculate -14 - -5 - 14 - ((-7 - -15) + 0).
-31
Calculate 20 - (-19 + (23 - (-5 + 13))).
24
What is the value of (3 - (-5 - -10)) + 4 - -4?
6
Evaluate (7 - 1) + -26 + 22 - -8.
10
Calculate 10 + 4 + -36 - -25.
3
What is (-36 - -14) + 22 + (-1 - -20)?
19
What is the value of -11 - -17 - (4 + 2) - (-4 + -2)?
6
What is 20 + -2 + 3 + -3?
18
(18 - (-3 + 6) - (-93 - -102)) + -6
0
What is the value of -24 + 46 - 15 - (3 + (14 - -3))?
-13
What is -8 + (4 - 5) - (-7 + (9 - 19))?
8
13 + 1 + -67 + 64
11
Evaluate (-1 + (7 - 4) - 8) + 16 + 0.
10
What is the value of 41 - -3 - -1 - (91 + -81)?
35
-8 + (1 - -8 - 4 - -18) + -1
14
(10 - 2) + (-19 + 24 - 1)
12
What is 2 + 2 + -8 - -3 - (35 + -40)?
4
Calculate (5 - (13 + -12)) + -6 - (2 + 7).
-11
Calculate 8 - (3 + 0 + 2 - -5).
-2
Calculate -1 + (-13 - -3 - -10) + -13.
-14
1 + -4 + -2 + -6 + 1 + 25
15
What is the value of -1 + -11 + -116 + 129?
1
Evaluate -7 - (-1 - -5) - (-3 + -13).
5
What is (79 - 81) + (20 - -2)?
20
What is 7 - ((-7 - -3) + 5 - (1 + -2))?
5
What is the value of 28 + 15 + -14 + -25?
4
5 - 4 - (-26 - -19) - (2 + 0)
6
What is -39 + 73 + -42 + -15?
-23
What is (-35 + 4 - -9) + 28?
6
What is the value of (9 - 1) + -1 + (-47 + 22 - -33)?
15
What is the value of -19 - ((7 - 0) + 27 + (-24 - 12))?
-17
(16 - (35 + (26 - 17))) 